{"id":818,"date":"2026-03-27T21:01:00","date_gmt":"2026-03-28T01:01:00","guid":{"rendered":"https:\/\/xpertos.online\/?page_id=818"},"modified":"2026-03-31T12:36:54","modified_gmt":"2026-03-31T16:36:54","slug":"elementor-818","status":"publish","type":"page","link":"https:\/\/xpertos.online\/?page_id=818","title":{"rendered":"Servicios"},"content":{"rendered":"\t\t<div data-elementor-type=\"wp-page\" data-elementor-id=\"818\" class=\"elementor elementor-818\">\n\t\t\t\t\t\t<section class=\"elementor-section elementor-top-section elementor-element elementor-element-7ab75a8 elementor-section-boxed elementor-section-height-default elementor-section-height-default\" data-id=\"7ab75a8\" data-element_type=\"section\" data-e-type=\"section\" data-settings=\"{&quot;background_background&quot;:&quot;classic&quot;}\">\n\t\t\t\t\t\t\t<div class=\"elementor-background-overlay\"><\/div>\n\t\t\t\t\t\t\t<div class=\"elementor-container elementor-column-gap-no\">\n\t\t\t\t\t<div class=\"elementor-column elementor-col-100 elementor-top-column elementor-element elementor-element-2d17c59e\" data-id=\"2d17c59e\" data-element_type=\"column\" data-e-type=\"column\">\n\t\t\t<div class=\"elementor-widget-wrap elementor-element-populated\">\n\t\t\t\t\t\t<div class=\"elementor-element elementor-element-3e9691e4 elementor-invisible elementor-widget elementor-widget-heading\" data-id=\"3e9691e4\" data-element_type=\"widget\" data-e-type=\"widget\" data-settings=\"{&quot;_animation&quot;:&quot;fadeInUp&quot;}\" data-widget_type=\"heading.default\">\n\t\t\t\t\t<h2 class=\"elementor-heading-title elementor-size-default\">Haz que tus clientes lleguen solos. \nY que tu marca se recuerde siempre.<\/h2>\t\t\t\t<\/div>\n\t\t\t\t<div class=\"elementor-element elementor-element-b3ce34b elementor-widget-mobile__width-initial elementor-widget elementor-widget-text-editor\" data-id=\"b3ce34b\" data-element_type=\"widget\" data-e-type=\"widget\" data-widget_type=\"text-editor.default\">\n\t\t\t\t\t\t\t\t\t<h4 style=\"text-align: center;\">Te presentamos DOS servicios que marcan la diferencia en el mercado boliviano:<\/h4>\t\t\t\t\t\t\t\t<\/div>\n\t\t\t\t\t<\/div>\n\t\t<\/div>\n\t\t\t\t\t<\/div>\n\t\t<\/section>\n\t\t\t\t<section class=\"elementor-section elementor-top-section elementor-element elementor-element-dedb28f elementor-section-boxed elementor-section-height-default elementor-section-height-default\" data-id=\"dedb28f\" data-element_type=\"section\" data-e-type=\"section\" data-settings=\"{&quot;background_background&quot;:&quot;classic&quot;}\">\n\t\t\t\t\t\t<div class=\"elementor-container elementor-column-gap-no\">\n\t\t\t\t\t<div class=\"elementor-column elementor-col-100 elementor-top-column elementor-element elementor-element-392b7337\" data-id=\"392b7337\" data-element_type=\"column\" data-e-type=\"column\" data-settings=\"{&quot;background_background&quot;:&quot;classic&quot;}\">\n\t\t\t<div class=\"elementor-widget-wrap elementor-element-populated\">\n\t\t\t\t\t\t<section class=\"elementor-section elementor-inner-section elementor-element elementor-element-21a96f3a elementor-section-boxed elementor-section-height-default elementor-section-height-default elementor-invisible\" data-id=\"21a96f3a\" data-element_type=\"section\" data-e-type=\"section\" data-settings=\"{&quot;animation&quot;:&quot;rotateInDownRight&quot;}\">\n\t\t\t\t\t\t<div class=\"elementor-container elementor-column-gap-no\">\n\t\t\t\t\t<div class=\"elementor-column elementor-col-50 elementor-inner-column elementor-element elementor-element-5bcc3f1b\" data-id=\"5bcc3f1b\" data-element_type=\"column\" data-e-type=\"column\" data-settings=\"{&quot;background_background&quot;:&quot;classic&quot;}\">\n\t\t\t<div class=\"elementor-widget-wrap elementor-element-populated\">\n\t\t\t\t\t\t<div class=\"elementor-element elementor-element-24cb282e elementor-invisible elementor-widget elementor-widget-image\" data-id=\"24cb282e\" data-element_type=\"widget\" data-e-type=\"widget\" data-settings=\"{&quot;_animation&quot;:&quot;fadeInLeft&quot;}\" data-widget_type=\"image.default\">\n\t\t\t\t\t\t\t\t\t\t\t\t\t\t\t<img fetchpriority=\"high\" decoding=\"async\" width=\"2190\" height=\"1195\" src=\"https:\/\/xpertos.online\/wp-content\/uploads\/2026\/03\/6e5c574-1013-2571-3f11-bcf8666076b_lSJzjlxbT2lhtO9XPEGE_LOGO_MAQUINA-03.png\" class=\"attachment-full size-full wp-image-932\" alt=\"\" srcset=\"https:\/\/xpertos.online\/wp-content\/uploads\/2026\/03\/6e5c574-1013-2571-3f11-bcf8666076b_lSJzjlxbT2lhtO9XPEGE_LOGO_MAQUINA-03.png 2190w, https:\/\/xpertos.online\/wp-content\/uploads\/2026\/03\/6e5c574-1013-2571-3f11-bcf8666076b_lSJzjlxbT2lhtO9XPEGE_LOGO_MAQUINA-03-300x164.png 300w, https:\/\/xpertos.online\/wp-content\/uploads\/2026\/03\/6e5c574-1013-2571-3f11-bcf8666076b_lSJzjlxbT2lhtO9XPEGE_LOGO_MAQUINA-03-1024x559.png 1024w, https:\/\/xpertos.online\/wp-content\/uploads\/2026\/03\/6e5c574-1013-2571-3f11-bcf8666076b_lSJzjlxbT2lhtO9XPEGE_LOGO_MAQUINA-03-768x419.png 768w, https:\/\/xpertos.online\/wp-content\/uploads\/2026\/03\/6e5c574-1013-2571-3f11-bcf8666076b_lSJzjlxbT2lhtO9XPEGE_LOGO_MAQUINA-03-1536x838.png 1536w, https:\/\/xpertos.online\/wp-content\/uploads\/2026\/03\/6e5c574-1013-2571-3f11-bcf8666076b_lSJzjlxbT2lhtO9XPEGE_LOGO_MAQUINA-03-2048x1118.png 2048w\" sizes=\"(max-width: 2190px) 100vw, 2190px\" \/>\t\t\t\t\t\t\t\t\t\t\t\t\t\t\t<\/div>\n\t\t\t\t\t<\/div>\n\t\t<\/div>\n\t\t\t\t<div class=\"elementor-column elementor-col-50 elementor-inner-column elementor-element elementor-element-75fcc4c4\" data-id=\"75fcc4c4\" data-element_type=\"column\" data-e-type=\"column\" data-settings=\"{&quot;background_background&quot;:&quot;classic&quot;}\">\n\t\t\t<div class=\"elementor-widget-wrap elementor-element-populated\">\n\t\t\t\t\t\t<div class=\"elementor-element elementor-element-494c9375 elementor-widget elementor-widget-heading\" data-id=\"494c9375\" data-element_type=\"widget\" data-e-type=\"widget\" data-widget_type=\"heading.default\">\n\t\t\t\t\t<h4 class=\"elementor-heading-title elementor-size-default\">\u2460 M\u00e1quina de Ventas. \n\nEl \u00fanico sistema en Bolivia que garantiza clientes, no promesas.<\/h4>\t\t\t\t<\/div>\n\t\t\t\t<div class=\"elementor-element elementor-element-b70a686 elementor-widget elementor-widget-text-editor\" data-id=\"b70a686\" data-element_type=\"widget\" data-e-type=\"widget\" data-widget_type=\"text-editor.default\">\n\t\t\t\t\t\t\t\t\t<p>La M\u00e1quina de Ventas es una metodolog\u00eda patentada que combina publicidad de alto rendimiento, un ecosistema web optimizado para ventas y de filtraci\u00f3n de leads, todo en un paquete de 15 d\u00edas.<\/p><p>Aunque comenz\u00f3 enfocada en el sector salud, su l\u00f3gica se aplica a <strong>cualquier negocio que necesite captar clientes de forma predecible<\/strong>: desde abogados y contadores hasta gimnasios, cl\u00ednicas est\u00e9ticas y marcas de productos.<\/p><p>Un solo pago, sin mensualidades ocultas. <strong>Si no consigues ventas, repetimos la campa\u00f1a sin cargo<\/strong>. Porque para nosotros, tu resultado es lo \u00fanico que importa.<\/p>\t\t\t\t\t\t\t\t<\/div>\n\t\t\t\t<div class=\"elementor-element elementor-element-1f3cd63d elementor-align-left elementor-widget elementor-widget-button\" data-id=\"1f3cd63d\" data-element_type=\"widget\" data-e-type=\"widget\" data-widget_type=\"button.default\">\n\t\t\t\t\t\t\t\t\t\t<a class=\"elementor-button elementor-button-link elementor-size-sm elementor-animation-float\" href=\"https:\/\/xpertos.online\/?page_id=7\" target=\"_blank\">\n\t\t\t\t\t\t<span class=\"elementor-button-content-wrapper\">\n\t\t\t\t\t\t<span class=\"elementor-button-icon\">\n\t\t\t\t<svg aria-hidden=\"true\" class=\"e-font-icon-svg e-fas-angle-right\" viewBox=\"0 0 256 512\" xmlns=\"http:\/\/www.w3.org\/2000\/svg\"><path d=\"M224.3 273l-136 136c-9.4 9.4-24.6 9.4-33.9 0l-22.6-22.6c-9.4-9.4-9.4-24.6 0-33.9l96.4-96.4-96.4-96.4c-9.4-9.4-9.4-24.6 0-33.9L54.3 103c9.4-9.4 24.6-9.4 33.9 0l136 136c9.5 9.4 9.5 24.6.1 34z\"><\/path><\/svg>\t\t\t<\/span>\n\t\t\t\t\t\t\t\t\t<span class=\"elementor-button-text\">QUIERO MI M\u00c1QUINA<\/span>\n\t\t\t\t\t<\/span>\n\t\t\t\t\t<\/a>\n\t\t\t\t\t\t\t\t<\/div>\n\t\t\t\t\t<\/div>\n\t\t<\/div>\n\t\t\t\t\t<\/div>\n\t\t<\/section>\n\t\t\t\t<section class=\"elementor-section elementor-inner-section elementor-element elementor-element-1c2edf7d elementor-section-boxed elementor-section-height-default elementor-section-height-default elementor-invisible\" data-id=\"1c2edf7d\" data-element_type=\"section\" data-e-type=\"section\" data-settings=\"{&quot;animation&quot;:&quot;rotateInUpRight&quot;}\">\n\t\t\t\t\t\t<div class=\"elementor-container elementor-column-gap-no\">\n\t\t\t\t\t<div class=\"elementor-column elementor-col-50 elementor-inner-column elementor-element elementor-element-7cf7e602\" data-id=\"7cf7e602\" data-element_type=\"column\" data-e-type=\"column\">\n\t\t\t<div class=\"elementor-widget-wrap elementor-element-populated\">\n\t\t\t\t\t\t<div class=\"elementor-element elementor-element-16c1bf3f elementor-invisible elementor-widget elementor-widget-image\" data-id=\"16c1bf3f\" data-element_type=\"widget\" data-e-type=\"widget\" data-settings=\"{&quot;_animation&quot;:&quot;fadeInRight&quot;}\" data-widget_type=\"image.default\">\n\t\t\t\t\t\t\t\t\t\t\t\t\t\t\t<img decoding=\"async\" width=\"736\" height=\"978\" src=\"https:\/\/xpertos.online\/wp-content\/uploads\/2026\/03\/Sprite.jpg\" class=\"attachment-full size-full wp-image-928\" alt=\"\" srcset=\"https:\/\/xpertos.online\/wp-content\/uploads\/2026\/03\/Sprite.jpg 736w, https:\/\/xpertos.online\/wp-content\/uploads\/2026\/03\/Sprite-226x300.jpg 226w\" sizes=\"(max-width: 736px) 100vw, 736px\" \/>\t\t\t\t\t\t\t\t\t\t\t\t\t\t\t<\/div>\n\t\t\t\t\t<\/div>\n\t\t<\/div>\n\t\t\t\t<div class=\"elementor-column elementor-col-50 elementor-inner-column elementor-element elementor-element-5bb5f867\" data-id=\"5bb5f867\" data-element_type=\"column\" data-e-type=\"column\" data-settings=\"{&quot;background_background&quot;:&quot;classic&quot;}\">\n\t\t\t<div class=\"elementor-widget-wrap elementor-element-populated\">\n\t\t\t\t\t\t<div class=\"elementor-element elementor-element-6eb0e431 elementor-widget elementor-widget-heading\" data-id=\"6eb0e431\" data-element_type=\"widget\" data-e-type=\"widget\" data-widget_type=\"heading.default\">\n\t\t\t\t\t<h4 class=\"elementor-heading-title elementor-size-default\">\u2461 Activaciones BTL.\n\nExperiencias que tu p\u00fablico nunca olvidar\u00e1.<\/h4>\t\t\t\t<\/div>\n\t\t\t\t<div class=\"elementor-element elementor-element-1b868ce elementor-widget elementor-widget-text-editor\" data-id=\"1b868ce\" data-element_type=\"widget\" data-e-type=\"widget\" data-widget_type=\"text-editor.default\">\n\t\t\t\t\t\t\t\t\t<p class=\"ds-markdown-paragraph\">En la era digital, lo que realmente diferencia a una marca es su <strong>capacidad de conectar emocionalmente<\/strong>. Las activaciones BTL (Below The Line) son precisamente eso: acciones en el mundo f\u00edsico <strong>donde tu p\u00fablico interact\u00faa con tu marca de forma directa, l\u00fadica y memorable.<\/strong><\/p><p class=\"ds-markdown-paragraph\">Una muestra gratis, un stand interactivo, una experiencia inmersiva en un evento o una sorpresa en plena calle pueden generar m\u00e1s recordaci\u00f3n que meses de publicidad tradicional. <strong>Porque cuando las personas viven algo, lo guardan en la memoria y, sobre todo, lo comparten.<\/strong><\/p><p class=\"ds-markdown-paragraph\">Dise\u00f1amos cada activaci\u00f3n con un objetivo claro: generar impacto, captar leads, impulsar ventas o simplemente hacer que tu marca sea la protagonista de una conversaci\u00f3n que se multiplica sola. <strong>Integramos lo f\u00edsico con lo digital para que cada experiencia tenga eco en redes y resultados medibles.<\/strong><\/p>\t\t\t\t\t\t\t\t<\/div>\n\t\t\t\t<div class=\"elementor-element elementor-element-13e6171 elementor-align-left elementor-widget elementor-widget-button\" data-id=\"13e6171\" data-element_type=\"widget\" data-e-type=\"widget\" data-widget_type=\"button.default\">\n\t\t\t\t\t\t\t\t\t\t<a class=\"elementor-button elementor-button-link elementor-size-sm elementor-animation-float\" href=\"https:\/\/wa.me\/59172505405?text=quiero%20informacion%20sobre%20las%20campa%C3%B1as%20BTL\" target=\"_blank\">\n\t\t\t\t\t\t<span class=\"elementor-button-content-wrapper\">\n\t\t\t\t\t\t<span class=\"elementor-button-icon\">\n\t\t\t\t<svg aria-hidden=\"true\" class=\"e-font-icon-svg e-fas-angle-right\" viewBox=\"0 0 256 512\" xmlns=\"http:\/\/www.w3.org\/2000\/svg\"><path d=\"M224.3 273l-136 136c-9.4 9.4-24.6 9.4-33.9 0l-22.6-22.6c-9.4-9.4-9.4-24.6 0-33.9l96.4-96.4-96.4-96.4c-9.4-9.4-9.4-24.6 0-33.9L54.3 103c9.4-9.4 24.6-9.4 33.9 0l136 136c9.5 9.4 9.5 24.6.1 34z\"><\/path><\/svg>\t\t\t<\/span>\n\t\t\t\t\t\t\t\t\t<span class=\"elementor-button-text\">QUIERO MI CAMPA\u00d1A BTL<\/span>\n\t\t\t\t\t<\/span>\n\t\t\t\t\t<\/a>\n\t\t\t\t\t\t\t\t<\/div>\n\t\t\t\t\t<\/div>\n\t\t<\/div>\n\t\t\t\t\t<\/div>\n\t\t<\/section>\n\t\t\t\t\t<\/div>\n\t\t<\/div>\n\t\t\t\t\t<\/div>\n\t\t<\/section>\n\t\t\t\t<\/div>\n\t\t","protected":false},"excerpt":{"rendered":"<p>Haz que tus clientes lleguen solos. Y que tu marca se recuerde siempre. Te presentamos DOS servicios que marcan la diferencia en el mercado boliviano: \u2460 M\u00e1quina de Ventas. El \u00fanico sistema en Bolivia que garantiza clientes, no promesas. La M\u00e1quina de Ventas es una metodolog\u00eda patentada que combina publicidad de alto rendimiento, un ecosistema [&hellip;]<\/p>\n","protected":false},"author":1,"featured_media":0,"parent":0,"menu_order":0,"comment_status":"closed","ping_status":"closed","template":"","meta":{"footnotes":""},"class_list":["post-818","page","type-page","status-publish","hentry"],"yoast_head":"<!-- This site is optimized with the Yoast SEO plugin v27.4 - https:\/\/yoast.com\/product\/yoast-seo-wordpress\/ -->\n<title>Servicios - Xpertos<\/title>\n<meta name=\"robots\" content=\"index, follow, max-snippet:-1, max-image-preview:large, max-video-preview:-1\" \/>\n<link rel=\"canonical\" href=\"https:\/\/xpertos.online\/?page_id=818\" \/>\n<meta property=\"og:locale\" content=\"es_ES\" \/>\n<meta property=\"og:type\" content=\"article\" \/>\n<meta property=\"og:title\" content=\"Servicios - Xpertos\" \/>\n<meta property=\"og:description\" content=\"Haz que tus clientes lleguen solos. Y que tu marca se recuerde siempre. Te presentamos DOS servicios que marcan la diferencia en el mercado boliviano: \u2460 M\u00e1quina de Ventas. El \u00fanico sistema en Bolivia que garantiza clientes, no promesas. La M\u00e1quina de Ventas es una metodolog\u00eda patentada que combina publicidad de alto rendimiento, un ecosistema [&hellip;]\" \/>\n<meta property=\"og:url\" content=\"https:\/\/xpertos.online\/?page_id=818\" \/>\n<meta property=\"og:site_name\" content=\"Xpertos\" \/>\n<meta property=\"article:modified_time\" content=\"2026-03-31T16:36:54+00:00\" \/>\n<meta property=\"og:image\" content=\"https:\/\/xpertos.online\/wp-content\/uploads\/2026\/03\/6e5c574-1013-2571-3f11-bcf8666076b_lSJzjlxbT2lhtO9XPEGE_LOGO_MAQUINA-03.png\" \/>\n\t<meta property=\"og:image:width\" content=\"2190\" \/>\n\t<meta property=\"og:image:height\" content=\"1195\" \/>\n\t<meta property=\"og:image:type\" content=\"image\/png\" \/>\n<meta name=\"twitter:card\" content=\"summary_large_image\" \/>\n<meta name=\"twitter:label1\" content=\"Tiempo de lectura\" \/>\n\t<meta name=\"twitter:data1\" content=\"1 minuto\" \/>\n<script type=\"application\/ld+json\" class=\"yoast-schema-graph\">{\"@context\":\"https:\\\/\\\/schema.org\",\"@graph\":[{\"@type\":\"WebPage\",\"@id\":\"https:\\\/\\\/xpertos.online\\\/?page_id=818\",\"url\":\"https:\\\/\\\/xpertos.online\\\/?page_id=818\",\"name\":\"Servicios - Xpertos\",\"isPartOf\":{\"@id\":\"https:\\\/\\\/xpertos.online\\\/#website\"},\"primaryImageOfPage\":{\"@id\":\"https:\\\/\\\/xpertos.online\\\/?page_id=818#primaryimage\"},\"image\":{\"@id\":\"https:\\\/\\\/xpertos.online\\\/?page_id=818#primaryimage\"},\"thumbnailUrl\":\"https:\\\/\\\/xpertos.online\\\/wp-content\\\/uploads\\\/2026\\\/03\\\/6e5c574-1013-2571-3f11-bcf8666076b_lSJzjlxbT2lhtO9XPEGE_LOGO_MAQUINA-03.png\",\"datePublished\":\"2026-03-28T01:01:00+00:00\",\"dateModified\":\"2026-03-31T16:36:54+00:00\",\"breadcrumb\":{\"@id\":\"https:\\\/\\\/xpertos.online\\\/?page_id=818#breadcrumb\"},\"inLanguage\":\"es\",\"potentialAction\":[{\"@type\":\"ReadAction\",\"target\":[\"https:\\\/\\\/xpertos.online\\\/?page_id=818\"]}]},{\"@type\":\"ImageObject\",\"inLanguage\":\"es\",\"@id\":\"https:\\\/\\\/xpertos.online\\\/?page_id=818#primaryimage\",\"url\":\"https:\\\/\\\/xpertos.online\\\/wp-content\\\/uploads\\\/2026\\\/03\\\/6e5c574-1013-2571-3f11-bcf8666076b_lSJzjlxbT2lhtO9XPEGE_LOGO_MAQUINA-03.png\",\"contentUrl\":\"https:\\\/\\\/xpertos.online\\\/wp-content\\\/uploads\\\/2026\\\/03\\\/6e5c574-1013-2571-3f11-bcf8666076b_lSJzjlxbT2lhtO9XPEGE_LOGO_MAQUINA-03.png\",\"width\":2190,\"height\":1195},{\"@type\":\"BreadcrumbList\",\"@id\":\"https:\\\/\\\/xpertos.online\\\/?page_id=818#breadcrumb\",\"itemListElement\":[{\"@type\":\"ListItem\",\"position\":1,\"name\":\"Portada\",\"item\":\"https:\\\/\\\/xpertos.online\\\/\"},{\"@type\":\"ListItem\",\"position\":2,\"name\":\"Servicios\"}]},{\"@type\":\"WebSite\",\"@id\":\"https:\\\/\\\/xpertos.online\\\/#website\",\"url\":\"https:\\\/\\\/xpertos.online\\\/\",\"name\":\"Xpertos\",\"description\":\"\",\"potentialAction\":[{\"@type\":\"SearchAction\",\"target\":{\"@type\":\"EntryPoint\",\"urlTemplate\":\"https:\\\/\\\/xpertos.online\\\/?s={search_term_string}\"},\"query-input\":{\"@type\":\"PropertyValueSpecification\",\"valueRequired\":true,\"valueName\":\"search_term_string\"}}],\"inLanguage\":\"es\"}]}<\/script>\n<!-- \/ Yoast SEO plugin. -->","yoast_head_json":{"title":"Servicios - Xpertos","robots":{"index":"index","follow":"follow","max-snippet":"max-snippet:-1","max-image-preview":"max-image-preview:large","max-video-preview":"max-video-preview:-1"},"canonical":"https:\/\/xpertos.online\/?page_id=818","og_locale":"es_ES","og_type":"article","og_title":"Servicios - Xpertos","og_description":"Haz que tus clientes lleguen solos. Y que tu marca se recuerde siempre. Te presentamos DOS servicios que marcan la diferencia en el mercado boliviano: \u2460 M\u00e1quina de Ventas. El \u00fanico sistema en Bolivia que garantiza clientes, no promesas. La M\u00e1quina de Ventas es una metodolog\u00eda patentada que combina publicidad de alto rendimiento, un ecosistema [&hellip;]","og_url":"https:\/\/xpertos.online\/?page_id=818","og_site_name":"Xpertos","article_modified_time":"2026-03-31T16:36:54+00:00","og_image":[{"width":2190,"height":1195,"url":"https:\/\/xpertos.online\/wp-content\/uploads\/2026\/03\/6e5c574-1013-2571-3f11-bcf8666076b_lSJzjlxbT2lhtO9XPEGE_LOGO_MAQUINA-03.png","type":"image\/png"}],"twitter_card":"summary_large_image","twitter_misc":{"Tiempo de lectura":"1 minuto"},"schema":{"@context":"https:\/\/schema.org","@graph":[{"@type":"WebPage","@id":"https:\/\/xpertos.online\/?page_id=818","url":"https:\/\/xpertos.online\/?page_id=818","name":"Servicios - Xpertos","isPartOf":{"@id":"https:\/\/xpertos.online\/#website"},"primaryImageOfPage":{"@id":"https:\/\/xpertos.online\/?page_id=818#primaryimage"},"image":{"@id":"https:\/\/xpertos.online\/?page_id=818#primaryimage"},"thumbnailUrl":"https:\/\/xpertos.online\/wp-content\/uploads\/2026\/03\/6e5c574-1013-2571-3f11-bcf8666076b_lSJzjlxbT2lhtO9XPEGE_LOGO_MAQUINA-03.png","datePublished":"2026-03-28T01:01:00+00:00","dateModified":"2026-03-31T16:36:54+00:00","breadcrumb":{"@id":"https:\/\/xpertos.online\/?page_id=818#breadcrumb"},"inLanguage":"es","potentialAction":[{"@type":"ReadAction","target":["https:\/\/xpertos.online\/?page_id=818"]}]},{"@type":"ImageObject","inLanguage":"es","@id":"https:\/\/xpertos.online\/?page_id=818#primaryimage","url":"https:\/\/xpertos.online\/wp-content\/uploads\/2026\/03\/6e5c574-1013-2571-3f11-bcf8666076b_lSJzjlxbT2lhtO9XPEGE_LOGO_MAQUINA-03.png","contentUrl":"https:\/\/xpertos.online\/wp-content\/uploads\/2026\/03\/6e5c574-1013-2571-3f11-bcf8666076b_lSJzjlxbT2lhtO9XPEGE_LOGO_MAQUINA-03.png","width":2190,"height":1195},{"@type":"BreadcrumbList","@id":"https:\/\/xpertos.online\/?page_id=818#breadcrumb","itemListElement":[{"@type":"ListItem","position":1,"name":"Portada","item":"https:\/\/xpertos.online\/"},{"@type":"ListItem","position":2,"name":"Servicios"}]},{"@type":"WebSite","@id":"https:\/\/xpertos.online\/#website","url":"https:\/\/xpertos.online\/","name":"Xpertos","description":"","potentialAction":[{"@type":"SearchAction","target":{"@type":"EntryPoint","urlTemplate":"https:\/\/xpertos.online\/?s={search_term_string}"},"query-input":{"@type":"PropertyValueSpecification","valueRequired":true,"valueName":"search_term_string"}}],"inLanguage":"es"}]}},"_links":{"self":[{"href":"https:\/\/xpertos.online\/index.php?rest_route=\/wp\/v2\/pages\/818","targetHints":{"allow":["GET"]}}],"collection":[{"href":"https:\/\/xpertos.online\/index.php?rest_route=\/wp\/v2\/pages"}],"about":[{"href":"https:\/\/xpertos.online\/index.php?rest_route=\/wp\/v2\/types\/page"}],"author":[{"embeddable":true,"href":"https:\/\/xpertos.online\/index.php?rest_route=\/wp\/v2\/users\/1"}],"replies":[{"embeddable":true,"href":"https:\/\/xpertos.online\/index.php?rest_route=%2Fwp%2Fv2%2Fcomments&post=818"}],"version-history":[{"count":5,"href":"https:\/\/xpertos.online\/index.php?rest_route=\/wp\/v2\/pages\/818\/revisions"}],"predecessor-version":[{"id":1088,"href":"https:\/\/xpertos.online\/index.php?rest_route=\/wp\/v2\/pages\/818\/revisions\/1088"}],"wp:attachment":[{"href":"https:\/\/xpertos.online\/index.php?rest_route=%2Fwp%2Fv2%2Fmedia&parent=818"}],"curies":[{"name":"wp","href":"https:\/\/api.w.org\/{rel}","templated":true}]}}